 -4*k, -140 = -h + k + 2*k. Suppose -5*b - 6 + h = 0. Calculate the remainder when b is divided by 14.
11
Let s be 6/(-8) - (-54)/8. Suppose s + 84 = 5*d. What is the remainder when d is divided by 7?
4
Suppose 0 = n + 5 - 13. Suppose d + n = 3*d. Calculate the remainder when 23 is divided by 4/((d - 2)/4).
7
Let j(c) = -38*c**2 - 5. Let s(b) = -37*b**2 - 4. Let z(a) = 5*j(a) - 6*s(a). What is the remainder when z(1) is divided by (-4)/10 + 285/25?
9
What is the remainder when -71*(2/5 - (-28)/(-20)) is divided by 24?
23
Let l be (2 - 0 - 4) + 12. Let m = l + 3. Calculate the remainder when 38 is divided by m.
12
Let m = 144 - 94. What is the remainder when m is divided by -2 - 4/(4/(-15))?
11
Let n be (18/(-27))/(1/(-3)). Suppose -2*o - 4 = n. Let w = o - -11. What is the remainder when 29 is divided by w?
5
Let v = 13 - 5. What is the remainder when 30 is divided by v?
6
Let d(r) = -3*r + 7. Let x(h) = -h - 8. Let q be x(-12). Suppose -q*c = -2*c - 24. What is the remainder when d(-9) is divided by c?
10
Let h(m) be the third derivative of m**4/24 + m**3/6 + 4*m**2. Calculate the remainder when 22 is divided by h(7).
6
Let t = -51 + 74. Calculate the remainder when t is divided by 13.
10
Suppose n - 3*q - 11 = 2*q, -5*q + 21 = n. Calculate the remainder when (240/(-56))/1*-14 is divided by n.
12
Let c = 84 + -56. Let t = 10 - 7. Suppose p - 3*x - 9 = 0, t*x = -2*p + 4*p - 24. Calculate the remainder when c is divided by p.
13
Let v be ((-201)/6)/((-2)/4). Let n = v - 21. What is the remainder when n is divided by 16?
14
Let f(j) = 17*j**3 - 2*j**2 + 3*j - 1. Let s = 1 + 0. Suppose -4*v = -12, -q + v - 22 = -68. Calculate the remainder when q is divided by f(s).
15
Suppose -2*w + 208 = 4*s, -s - 4*w - 34 = -2*s. Calculate the remainder when s is divided by 18.
14
Suppose -3*x - 5 = -20. What is the remainder when 14 is divided by x?
4
Let p be (-7 - -2)*(-3)/1. Suppose t = -0*t + p. Calculate the remainder when 44 is divided by t.
14
What is the remainder when 0 + -3 + 1 + 4 + 101 is divided by 27?
22
Let h(v) = v**3 - 3*v**2 - 7*v + 1. Let i be h(7). Suppose 4*s = 2*w + 194, -3*w - 3*s - 329 = -2. Let u = i + w. What is the remainder when u is divided by 15?
13
Let f(p) be the third derivative of -23*p**4/24 - p**3/2 + 4*p**2. What is the remainder when f(-2) is divided by 11?
10
Suppose 7*m + 21 = 8*m. Calculate the remainder when m is divided by 12.
9
Suppose 5*a = -5*o - 60, -2*a + 44 = -5*a - 5*o. Let p(i) = i**3 + 8*i**2 + 11. What is the remainder when 21 is divided by p(a)?
10
Let v(z) = -z**3 - 9*z**2 + 8*z - 13. Let h be 2 - 4/1 - 8. Calculate the remainder when v(h) is divided by 3.
1
Let i(q) = q**3 - q + 1. Let d(f) = -4*f**3 - 3*f**2 + 6*f + 2. Let k(m) = d(m) + 3*i(m). Calculate the remainder when 26 is divided by k(-4).
8
What is the remainder when 49 is divided by ((-170)/(-60))/(3/18)?
15
Let m be (4/(-3))/(4/(-42)). Suppose l - m = 4. What is the remainder when l is divided by 7?
4
Let b(p) = 2*p**3 + 6*p**2 - p - 4. Let m be b(-4). Let u = -17 - m. What is the remainder when 6/u - (-426)/10 is divided by 15?
13
Let i(k) = -k**3 + 8*k**2 + k + 8. Let z be 17/2 + 4/(-8). What is the remainder when 31 is divided by i(z)?
15
Suppose -5*d = -34 - 136. Calculate the remainder when d is divided by 12.
10
Let t(y) = y**2 + 5*y + 1. Let h be t(-5). Let x = 13 + h. Suppose 4*w - 39 = -7. Calculate the remainder when x is divided by w.
6
Suppose 4*p = 5*r - 2*r - 74, -5*r - 3*p = -162. Calculate the remainder when 11 - 11 - 11*-11 - 3 is divided by r.
28
Let d = -40 + 43. Calculate the remainder when 19 is divided by d.
1
Let u = -164 + 165. Suppose 6 - 16 = -5*w. Calculate the remainder when w is divided by u.
0
Let y(x) be the third derivative of -x**4/24 - x**3 - 5*x**2. What is the remainder when 7 is divided by y(-9)?
1
Let z be -1 + (-3)/(-6)*-4. What is the remainder when 4 is divided by (z/(-2))/(7/14)?
1
Let v(n) = n**3 - 4*n**2 + 5*n - 4. Let b be v(4). Suppose r - b = -0*r. What is the remainder when 62 is divided by r?
14
Suppose 9 = t + 1. Let i = t - -7. Calculate the remainder when 59 is divided by i.
14
Suppose 20*n - 23*n + 279 = 0. Calculate the remainder when n is divided by 32.
29
Let h = 122 - -56. Calculate the remainder when h is divided by 36.
34
Suppose -6*d + 109 + 29 = 0. What is the remainder when 67 is divided by d?
21
Let k be (-6)/((-55)/(-10) - 4). Suppose -t + 3*t = 5*g + 10, -g = -5*t + 2. Calculate the remainder when 25 is divided by 2 + g - (-9 + k).
12
Suppose -2*y = -5 + 3, 0 = -5*l - y + 1496. Suppose 4*b = l - 75. Suppose 7*c - 8*c = -19. What is the remainder when b is divided by c?
18
Let p = -53 - -57. What is the remainder when 23 is divided by p?
3
Let l(m) = m**3 - 13*m**2 + 12*m + 15. What is the remainder when 44 is divided by l(12)?
14
Suppose -4*u + 4*d + 128 = 0, d = 3*u - 3 - 95. What is the remainder when u is divided by 6?
3
Let i(b) = b**3 - 7*b + 5. What is the remainder when i(5) is divided by 32?
31
Let m = 5 + 5. Suppose 0 = -w + 13. Calculate the remainder when w is divided by -1 + 5/(m/12).
3
Let p = -2 + 4. Let n = 24 - p. What is the remainder when n is divided by 8?
6
Let n(g) = -g**2 - 12*g + 7. Let t be n(-11). Let q = 27 - t. What is the remainder when 33 is divided by q?
6
Let h(v) = v + 24. What is the remainder when h(8) is divided by 11?
10
Let j = 140 + -135. What is the remainder when 18 is divided by j?
3
Let u = 159 - 157. Let s(l) = l**2 - 3*l + 2. Calculate the remainder when s(3) is divided by u.
0
Suppose x + 2*j = 7, 3*x + 5*j - 16 = 3. What is the remainder when 5 is divided by x?
2
Suppose 3*u = 5 + 37. What is the remainder when 124 is divided by u?
12
Let c = -23 - -30. Calculate the remainder when 24 is divided by c.
3
Let m(x) = -x**3 - 15*x**2 - 16*x - 16. Let q(z) = -z**2 - 3*z - 4. Let h be q(-5). Calculate the remainder when 22 is divided by m(h).
10
Let b = 45 + -14. What is the remainder when b is divided by 18?
13
Suppose 0 = a - 6 + 2, 2*t - 144 = -2*a. What is the remainder when t is divided by 36?
32
Let y(v) = v**3 - 8*v**2 - 10*v + 8. Let c be y(9). Let u = 2 + c. Calculate the remainder when 1 + (-1 - 0) + 1 is divided by u.
0
Suppose -4*k + 310 = k. Let a be 4/18 - 48/(-27). What is the remainder when k is divided by ((-7)/a)/(3/(-18))?
20
Let d(c) = 2*c**3 - 2*c**2 - c + 2. Let q be d(2). Suppose 0*l + q = 4*l. Suppose -2*s - 8 = -6*s. Calculate the remainder when s is divided by l.
0
Let k = -259 + 399. Suppose -3*v = 2*f - 56, 2*f + 3*v - k = -3*f. What is the remainder when f is divided by 10?
8
What is the remainder when ((-11)/11 - 15/(-2))*4 is divided by 8?
2
Let w = -9 - -11. Suppose d = g + 10, w*d - g - 24 = 1. What is the remainder when d is divided by 9?
6
Suppose -12*l = -9*l - 213. Calculate the remainder when l is divided by 19.
14
What is the remainder when 73 is divided by 18/27 + (-73)/(-3)?
23
Suppose -4*z - z + 80 = 0. What is the remainder when (0 - -1)*(-47)/(-1) is divided by z?
15
Let f = 9 + 26. Let n = 58 - f. Let q(l) = 3*l**3 - 3*l**2. Calculate the remainder when n is divided by q(2).
11
Let c = -21 + 33. Calculate the remainder when 18 is divided by c.
6
Let v(r) = r**2 - 5*r - 1. Let u be v(4). Let i be -3*(-5 + (-1 - -3)). Let g = u + i. What is the remainder when g is divided by 2?
0
Let j(x) = x**3 + 12*x**2 + 11*x + 10. Let v be j(-11). Suppose -102 + v = -4*o. Calculate the remainder when o is divided by 6.
5
Suppose -40 = 4*n - 180. Suppose 0*l + 5*l = n. What is the remainder when (12/(-10))/(4/(-40)) is divided by l?
5
What is the remainder when (-5)/(-1)*(-2)/(-5) is divided by -1*(-2 + 3 + -2)?
0
Suppose g - 3*m - 4 + 6 = 0, -3*g - 2*m = -16. Suppose g*v = v - a + 64, -2*v + 41 = -a. What is the remainder when 40 is divided by v?
19
Let a be (-3 + (-4 - -8))*0. Suppose 9*o - 3*o - 60 = a. Calculate the remainder when o is divided by 4.
2
Let t = -14 - -18. Calculate the remainder when 0 + -2 - (3 + -16) is divided by t.
3
Let u(q) = -4*q - 6 + 9*q - 8 + 7. Calculate the remainder when u(3) is divided by 6.
2
Let a(b) = -b**2 + 6*b + 2. Let m(x) = -x**2 - 5*x + 10. Calculate the remainder when a(5) is divided by m(-6).
3
Suppose t = 5*t - 8. Suppose -8 = -4*w - 3*f, -19 = -3*w + t*f + 4. Ca